 is the hundreds digit of 11378?
3
What is the hundreds digit of 833?
8
What is the hundreds digit of 17188?
1
What is the hundreds digit of 1972?
9
What is the hundreds digit of 15353?
3
What is the hundreds digit of 4170?
1
What is the tens digit of 773?
7
What is the tens digit of 9543?
4
What is the units digit of 346?
6
What is the hundreds digit of 1988?
9
What is the tens digit of 19739?
3
What is the tens digit of 142?
4
What is the tens digit of 12921?
2
What is the units digit of 507?
7
What is the tens digit of 10884?
8
What is the units digit of 10425?
5
What is the hundreds digit of 29256?
2
What is the tens digit of 27972?
7
What is the ten thousands digit of 104621?
0
What is the units digit of 405?
5
What is the hundreds digit of 226?
2
What is the hundreds digit of 1432?
4
What is the units digit of 31206?
6
What is the tens digit of 2491?
9
What is the thousands digit of 6052?
6
What is the hundreds digit of 837?
8
What is the tens digit of 27038?
3
What is the hundreds digit of 129651?
6
What is the tens digit of 1359?
5
What is the hundreds digit of 130989?
9
What is the tens digit of 52525?
2
What is the thousands digit of 9177?
9
What is the hundreds digit of 15497?
4
What is the thousands digit of 10285?
0
What is the units digit of 693?
3
What is the tens digit of 1785?
8
What is the hundreds digit of 3893?
8
What is the units digit of 824?
4
What is the hundreds digit of 53310?
3
What is the thousands digit of 3695?
3
What is the ten thousands digit of 62605?
6
What is the tens digit of 1673?
7
What is the ten thousands digit of 33694?
3
What is the hundreds digit of 107495?
4
What is the hundreds digit of 4733?
7
What is the units digit of 140?
0
What is the ten thousands digit of 175801?
7
What is the tens digit of 11294?
9
What is the thousands digit of 2447?
2
What is the thousands digit of 55299?
5
What is the units digit of 1952?
2
What is the hundreds digit of 469?
4
What is the hundreds digit of 12047?
0
What is the units digit of 93116?
6
What is the hundreds digit of 30811?
8
What is the units digit of 506?
6
What is the tens digit of 13745?
4
What is the units digit of 896?
6
What is the units digit of 3344?
4
What is the thousands digit of 135884?
5
What is the hundreds digit of 18117?
1
What is the hundreds digit of 345?
3
What is the units digit of 2407?
7
What is the thousands digit of 4322?
4
What is the units digit of 10292?
2
What is the tens digit of 431?
3
What is the tens digit of 1135?
3
What is the thousands digit of 2175?
2
What is the hundreds digit of 9736?
7
What is the tens digit of 15455?
5
What is the hundreds digit of 10282?
2
What is the thousands digit of 5671?
5
What is the units digit of 156?
6
What is the thousands digit of 1090?
1
What is the units digit of 92518?
8
What is the tens digit of 643?
4
What is the units digit of 2183?
3
What is the hundreds digit of 554?
5
What is the units digit of 437?
7
What is the ten thousands digit of 70467?
7
What is the ten thousands digit of 30342?
3
What is the hundreds digit of 58053?
0
What is the units digit of 3203?
3
What is the hundred thousands digit of 137062?
1
What is the thousands digit of 22121?
2
What is the hundreds digit of 14470?
4
What is the thousands digit of 1037?
1
What is the tens digit of 1759?
5
What is the units digit of 1371?
1
What is the units digit of 5049?
9
What is the ten thousands digit of 53630?
5
What is the units digit of 774?
4
What is the units digit of 9355?
5
What is the hundreds digit of 692?
6
What is the hundreds digit of 43385?
3
What is the ten thousands digit of 167664?
6
What is the thousands digit of 84496?
4
What is the thousands digit of 12614?
2
What is the hundreds digit of 17451?
4
What is the tens digit of 117?
1
What is the thousands digit of 3775?
3
What is the units digit of 41?
1
What is the units digit of 412?
2
What is the thousands digit of 4212?
4
What is the thousands digit of 15607?
5
What is the tens digit of 14538?
3
What is the tens digit of 55049?
4
What is the units digit of 1026?
6
What is the hundreds digit of 4912?
9
What is the thousands digit of 48243?
8
What is the tens digit of 6095?
9
What is the tens digit of 38?
3
What is the thousands digit of 102580?
2
What is the units digit of 1921?
1
What is the thousands digit of 1141?
1
What is the units digit of 10488?
8
What is the hundreds digit of 44635?
6
What is the hundreds digit of 51162?
1
What is the hundreds digit of 782?
7
What is the units digit of 423?
3
What is the hundreds digit of 786?
7
What is the units digit of 1731?
1
What is the thousands digit of 156146?
6
What is the hundreds digit of 14908?
9
What is the ten thousands digit of 34012?
3
What is the units digit of 5364?
4
What is the tens digit of 1472?
7
What is the thousands digit of 1689?
1
What is the hundreds digit of 7719?
7
What is the hundreds digit of 4597?
5
What is the tens digit of 404?
0
What is the hundreds digit of 11064?
0
What is the tens digit of 20?
2
What is the ten thousands digit of 45251?
4
What is the tens digit of 1771?
7
What is the tens digit of 3389?
8
What is the hundreds digit of 830?
8
What is the tens digit of 144524?
2
What is the ten thousands digit of 12665?
1
What is the units digit of 4437?
7
What is the hundreds digit of 2649?
6
What is the hundreds digit of 3553?
5
What is the thousands digit of 83108?
3
What is the ten thousands digit of 21591?
2
What is the hundreds digit of 2275?
2
What is the hundreds digit of 6515?
5
What is the tens digit of 6012?
1
What is the hundreds digit of 1716?
7
What is the thousands digit of 1483?
1
What is the tens digit of 820?
2
What is the tens digit of 1446?
4
What is the hundreds digit of 1096?
0
What is the units digit of 2783?
3
What is the units digit of 17546?
6
What is the hundreds digit of 11829?
8
What is the thousands digit of 15973?
5
What is the tens digit of 706?
0
What is the tens digit of 567?
6
What is the units digit of 1389?
9
What is the units digit of 704?
4
What is the tens digit of 1967?
6
What is the tens digit of 231?
3
What is the units digit of 14827?
7
What is the units digit of 537?
7
What is the tens digit of 78317?
1
What is the tens digit of 18284?
8
What is the tens digit of 13598?
9
What is the tens digit of 669?
6
What is the tens digit of 7129?
2
What is the ten thousands digit of 70438?
7
What is the tens digit of 9793?
9
What is the thousands digit of 1252?
1
What is the tens digit of 855?
5
What is the thousands digit of 1344?
1
What is the hundreds digit of 3795?
7
What is the tens digit of 1729?
2
What is the tens digit of 50?
5
What is the units digit of 2361?
1
What is the hundreds digit of 13156?
1
What is the tens digit of 12772?
7
What is the units digit of 182921?
1
What is the hundreds digit of 463?
4
What is the units digit of 60?
0
What is the tens digit of 395?
9
What is the tens digit of 97988?
8
What is the hundreds digit of 1177?
1
What is the tens digit of 35646?
4
What is the hundreds digit of 1709?
7
What is the thousands digit of 1254?
1
What is the hundreds digit of 2426?
4
What is the thousands digit of 3351?
3
What is the units digit of 176617?
7
What is the hundreds digit of 19598?
5
What is the tens digit of 15020?
2
What is the units digit of 108287?
7
What is the thousands digit of 13286?
3
What is the ten thousands digit of 64147?
6
What is the units digit of 704?
4
What is the units digit of 11431?
1
What is the thousands digit of 1417?
1
What is the units digit of 2960?
0
What is the units digit of 1735?
5
What is the tens digit of 1439?
3
What is the thousands digit of 1034?
1
What is the thousands digit of 4117?
4
What is the thousands digit of 3663?
3
What is the hundreds digit of 14727?
7
What is the thousands digit of 15822?
5
What is the tens digit of 12779?
7
What is the units digit of 439?
9
What is the units digit of 1664?
4
What is the units digit of 7838?
8
What is the hundreds digit of 827?
8
What is the thousands digit of 5811?
5
What is the units digit of 20394?
4
What is the thousands digit of 90057?
0
What is the hundreds digit of 944?
9
What is the units digit of 776?
6
What is the ten thousands digit of 12466?
1
What is the hundreds digit of 386?
3
What is the hundreds digit of 103?
1
What i